{"id":2106,"date":"2020-10-29T11:27:24","date_gmt":"2020-10-29T11:27:24","guid":{"rendered":"https:\/\/www.unilion.eu\/?page_id=2106"},"modified":"2020-11-10T15:35:59","modified_gmt":"2020-11-10T15:35:59","slug":"speaker-biographies-annual-event-2020","status":"publish","type":"page","link":"https:\/\/www.unilion.eu\/?page_id=2106","title":{"rendered":"Speaker biographies annual event 2020"},"content":{"rendered":"<p><strong>Alexandru Vasile Marchis<\/strong><\/p>\n<p><em>Secretary General, UnILiON<\/em><\/p>\n<hr \/>\n<p><strong><img loading=\"lazy\" decoding=\"async\" class=\"size-full wp-image-2145 alignleft\" src=\"https:\/\/www.unilion.eu\/wp-content\/uploads\/2020\/11\/milan-zver.jpg\" alt=\"\" width=\"170\" height=\"215\" \/>Milan Zver<\/strong><\/p>\n<p><i>MEP, Member of the Committee on\u00a0Culture and Education,\u00a0European Parliament<\/i><\/p>\n<p>Born in 1962. Ljubljana. Graduated from the political science department of the Faculty of Social Sciences at the University of Ljubljana, 1987. M.Sc. in 1990 and\u00a0 PhD at the University of Ljubljana, 1998. A member of Slovenian Democratic Party. Dr. Zver served as advisor to the deputy prime minister Jo\u017ee Pu\u010dnik and later to the minister of defence Janez Jan\u0161a. Municipal Councillor in Ljubljana. Member of several executive bodies and twice Vice-President of the Slovenian Democratic Party (SDS). He was elected to be a member of the Slovenian National Council and National Assembly. Minister for Education and Sports, 2004-2008. During the Slovene presidency of EU in 2008 serving as President of the Council of European Union for Education, Youth and Culture and in 2009 was elected to the European Parliament. Member of Prague&#8217;s Platform of European Memory and Conscience and a member of the Central Committee of Berlin&#8217;s forum Dialog-Kultur-Europa. Actively involved in many activities of KAS and IRI. Author of several books. He has been an MEP since 2009 where he sits on the Committee on Culture and Education. His is also vice chair of the delegation for relations with the countries of South Asia.<\/p>\n<hr \/>\n<p><strong><img loading=\"lazy\" decoding=\"async\" class=\"size-medium wp-image-2149 alignleft\" src=\"https:\/\/www.unilion.eu\/wp-content\/uploads\/2020\/11\/themis-christophidou-258x300.jpg\" alt=\"\" width=\"258\" height=\"300\" srcset=\"https:\/\/www.unilion.eu\/wp-content\/uploads\/2020\/11\/themis-christophidou-258x300.jpg 258w, https:\/\/www.unilion.eu\/wp-content\/uploads\/2020\/11\/themis-christophidou-882x1024.jpg 882w, https:\/\/www.unilion.eu\/wp-content\/uploads\/2020\/11\/themis-christophidou-768x892.jpg 768w, https:\/\/www.unilion.eu\/wp-content\/uploads\/2020\/11\/themis-christophidou-233x270.jpg 233w, https:\/\/www.unilion.eu\/wp-content\/uploads\/2020\/11\/themis-christophidou.jpg 1253w\" sizes=\"auto, (max-width: 258px) 100vw, 258px\" \/>Themis Christophidou<\/strong><\/p>\n<p><em>Director-General<\/em><em>, DG Education, Youth, Sport and Culture, European Commission<\/em><\/p>\n<div class=\"page\" title=\"Page 1\">\n<div class=\"section\">\n<div class=\"layoutArea\">\n<div class=\"column\">\n<p>Themis Christophidou is the Director-General for Education, Youth, Sport and Culture of the European Commission, since March 2018. She is a civil engineer with 35 years of experience in private and public sector management.<\/p>\n<p>After having worked in the private sector for 15 years, she joined the European Commission in 2001 and held various positions, including in the Directorate-General for Regional and Urban Policy, as Head of Cabinet of the Commissioner for Maritime Affairs and Fisheries and as Head of Cabinet of the Commissioner for Humanitarian Aid and Crisis Management.<\/p>\n<p>Themis Christophidou is an alumna of the civil engineering faculty of the Metsovio Polytechnic University of Athens, specialised in transport infrastructure and urban transport. Born in Famagusta, Cyprus, she is trilingual Greek, French, English.<\/p>\n<\/div>\n<\/div>\n<\/div>\n<\/div>\n<hr \/>\n<p><strong><img loading=\"lazy\" decoding=\"async\" class=\"size-medium wp-image-2136 alignleft\" src=\"https:\/\/www.unilion.eu\/wp-content\/uploads\/2020\/11\/anka-mulder-cvb-200x300.jpg\" alt=\"\" width=\"200\" height=\"300\" srcset=\"https:\/\/www.unilion.eu\/wp-content\/uploads\/2020\/11\/anka-mulder-cvb-200x300.jpg 200w, https:\/\/www.unilion.eu\/wp-content\/uploads\/2020\/11\/anka-mulder-cvb-682x1024.jpg 682w, https:\/\/www.unilion.eu\/wp-content\/uploads\/2020\/11\/anka-mulder-cvb-768x1152.jpg 768w, https:\/\/www.unilion.eu\/wp-content\/uploads\/2020\/11\/anka-mulder-cvb-1024x1536.jpg 1024w, https:\/\/www.unilion.eu\/wp-content\/uploads\/2020\/11\/anka-mulder-cvb-180x270.jpg 180w, https:\/\/www.unilion.eu\/wp-content\/uploads\/2020\/11\/anka-mulder-cvb.jpg 1181w\" sizes=\"auto, (max-width: 200px) 100vw, 200px\" \/>Anka Mulder<\/strong><\/p>\n<p><em>Chair of the Executive Board, Saxion University of Applied Sciences<\/em><\/p>\n<div>\n<p><span lang=\"EN-GB\">Anka Mulder is President of Saxion University of Applied Science. She is also member of the supervisory board of the TU Hamburg<\/span><span lang=\"EN-GB\">.<\/span><\/p>\n<\/div>\n<div>\n<p><span lang=\"EN-GB\">Anka Mulder studied History at the University of Groningen, Netherlands, where she later lectured in International Relations. After having worked in Brussels and Vienna for a number of years she took up a post as head of department at the ROI, the Dutch Institute for Public Administration in 1996. <\/span><\/p>\n<\/div>\n<div>\n<p><span lang=\"EN-GB\"><img loading=\"lazy\" decoding=\"async\" class=\"size-medium wp-image-2138 alignleft\" src=\"https:\/\/www.unilion.eu\/wp-content\/uploads\/2020\/11\/saxion-uas-300x118.png\" alt=\"\" width=\"300\" height=\"118\" srcset=\"https:\/\/www.unilion.eu\/wp-content\/uploads\/2020\/11\/saxion-uas-300x118.png 300w, https:\/\/www.unilion.eu\/wp-content\/uploads\/2020\/11\/saxion-uas-1024x401.png 1024w, https:\/\/www.unilion.eu\/wp-content\/uploads\/2020\/11\/saxion-uas-768x301.png 768w, https:\/\/www.unilion.eu\/wp-content\/uploads\/2020\/11\/saxion-uas-604x237.png 604w, https:\/\/www.unilion.eu\/wp-content\/uploads\/2020\/11\/saxion-uas.png 1200w\" sizes=\"auto, (max-width: 300px) 100vw, 300px\" \/>In 2003 she joined Delft University of Technology where she worked until 2017, first as Director of Education and Secretary General, later as Vice President for Education and Operations.<\/span><\/p>\n<\/div>\n<div>\n<p><span lang=\"EN-GB\">Anka Mulder has been a forerunner of open and online education for many years. In 2008 she became a member of the board of the international OpenCourseWare Consortium and from 2011 to 2013 she was the Consortium President. She was a member of the EdX University Advisory Board from 2014 to 2017.<\/span><\/p>\n<\/div>\n<hr \/>\n<p><strong><img loading=\"lazy\" decoding=\"async\" class=\"size-full wp-image-2116 alignleft\" src=\"https:\/\/www.unilion.eu\/wp-content\/uploads\/2020\/10\/cecilia-christersson.png\" alt=\"\" width=\"198\" height=\"224\" \/>Cecilia Christersson<\/strong><\/p>\n<p><em><span lang=\"EN-GB\">Pro Vice-Chancellor, Malm\u00f6 University<\/span><\/em><\/p>\n<p><span style=\"font-size: inherit;\">Cecilia Christersson is the Pro Vice-Chancellor for Global Engagement and Challenge Based Learning at Malm\u00f6 University, following six years\u00b4 assignment as Deputy Vice-Chancellor, with education, internationalisation and quality development in her portfolio.\u00a0 A dentist by profession, specialised and holding a PhD in prosthetic dentistry, Cecilia is an associate professor in Prosthetic Dentistry and Dental Material Science and has prior to the appointment as DVC served as the Head of the department of Technology and Dental Material Science at the Faculty of Odontology at Malm\u00f6 University.<\/span><\/p>\n<p><span style=\"font-size: inherit;\">After completing her research education in the US\/State University of New York at Buffalo, NY, she returned to the Dental Faculty in Malm\u00f6 and was part of the team developing a successful problem based learning dental curriculum. Through 2001 to 2010 Cecilia was the Director of Admissions to Dental Education at the Faculty and developed an alternative admission procedure to widen access to dental education. In January of 2012 through 2013 Cecilia held the position as the second female president for the Association of Dental Education in Europe (ADEE).<\/span><\/p>\n<div>\n<p><img loading=\"lazy\" decoding=\"async\" class=\"size-medium wp-image-2117 alignleft\" src=\"https:\/\/www.unilion.eu\/wp-content\/uploads\/2020\/10\/logo_MAU_eng-255x300.png\" alt=\"\" width=\"255\" height=\"300\" srcset=\"https:\/\/www.unilion.eu\/wp-content\/uploads\/2020\/10\/logo_MAU_eng-255x300.png 255w, https:\/\/www.unilion.eu\/wp-content\/uploads\/2020\/10\/logo_MAU_eng-871x1024.png 871w, https:\/\/www.unilion.eu\/wp-content\/uploads\/2020\/10\/logo_MAU_eng-768x903.png 768w, https:\/\/www.unilion.eu\/wp-content\/uploads\/2020\/10\/logo_MAU_eng-230x270.png 230w, https:\/\/www.unilion.eu\/wp-content\/uploads\/2020\/10\/logo_MAU_eng.png 1068w\" sizes=\"auto, (max-width: 255px) 100vw, 255px\" \/>Cecilia has led Malm\u00f6 University to adhere to an overall integrated Quality Framework for all educational levels.\u00a0 She is frequently contracted as an international expert in quality accreditations of universities. In 2018 she was assigned by the Swedish Government to investigate how collaboration between teacher education and schools on practice based research can improve quality enhanced learning and development of education.<\/p>\n<p>Overseeing the Malm\u00f6 University\u00b4s agenda on global engagement Cecilia also serves as the chair of the national committee for refugee related issues in the Association of Swedish Higher Education Institutions (SUHF) since 2016. Specifically her focus is to promote changes of policies and regulations to improve access to HE for academic refugees.<\/p>\n<p>Cecilia is the recipient of the Value Based Leadership Award of the International Beliefs and Values Institute (USA) and the Janne Carlsson Award for Academic Leadership of the Royal Institute of Technology in Stockholm (Sweden). She embraces a wide international academic network with focus on value based leadership and equity education for sustainable development.<\/p>\n<hr \/>\n<\/div>\n<p><strong><img loading=\"lazy\" decoding=\"async\" class=\"size-medium wp-image-2142 alignleft\" src=\"https:\/\/www.unilion.eu\/wp-content\/uploads\/2020\/11\/gohar-hovhannisyan-300x300.jpg\" alt=\"\" width=\"300\" height=\"300\" srcset=\"https:\/\/www.unilion.eu\/wp-content\/uploads\/2020\/11\/gohar-hovhannisyan-300x300.jpg 300w, https:\/\/www.unilion.eu\/wp-content\/uploads\/2020\/11\/gohar-hovhannisyan-1024x1024.jpg 1024w, https:\/\/www.unilion.eu\/wp-content\/uploads\/2020\/11\/gohar-hovhannisyan-150x150.jpg 150w, https:\/\/www.unilion.eu\/wp-content\/uploads\/2020\/11\/gohar-hovhannisyan-768x768.jpg 768w, https:\/\/www.unilion.eu\/wp-content\/uploads\/2020\/11\/gohar-hovhannisyan-1536x1536.jpg 1536w, https:\/\/www.unilion.eu\/wp-content\/uploads\/2020\/11\/gohar-hovhannisyan-2048x2048.jpg 2048w, https:\/\/www.unilion.eu\/wp-content\/uploads\/2020\/11\/gohar-hovhannisyan-270x270.jpg 270w\" sizes=\"auto, (max-width: 300px) 100vw, 300px\" \/>Gohar Hovhannisyan<\/strong><\/p>\n<p><em>President, European Students&#8217; Union<\/em><\/p>\n<p><span lang=\"SV\">Gohar Hovhannisyan is the President of the European Students&#8217; Union &#8211; an umbrella organisation for national student unions from 40 European countries. At ESU her main focus is in the area of quality of higher education, with an emphasis given to quality assurance, learning and teaching, digitalization and meaningful students\u2019 participation in governance.<\/span><\/p>\n<p><span lang=\"SV\">She has extensive experience of student representation that started from the local level at the governing board of the Armenian State University of Economics and continued to National and European levels. She is serving as the Executive Board member of EQAR, Advisory Board member of CHARM-EU university alliance, External Experts&#8217; Group member of ECIU alliance and represents ESU in the Advisory Group on Learning &amp; Teaching of the Bologna Follow-up Group.<\/span><\/p>\n<hr \/>\n<p><strong><img loading=\"lazy\" decoding=\"async\" class=\"size-medium wp-image-2156 alignleft\" src=\"https:\/\/www.unilion.eu\/wp-content\/uploads\/2020\/11\/busoi-199x300.jpg\" alt=\"\" width=\"199\" height=\"300\" srcset=\"https:\/\/www.unilion.eu\/wp-content\/uploads\/2020\/11\/busoi-199x300.jpg 199w, https:\/\/www.unilion.eu\/wp-content\/uploads\/2020\/11\/busoi-179x270.jpg 179w, https:\/\/www.unilion.eu\/wp-content\/uploads\/2020\/11\/busoi.jpg 458w\" sizes=\"auto, (max-width: 199px) 100vw, 199px\" \/>Cristian-Silviu Bu\u0219oi<\/strong><\/p>\n<p><i>MEP,\u00a0Chair of the Committee on Industry, Research and Energy, European Parliament<\/i><\/p>\n<p>Cristian-Silviu Bu\u0219oi\u00a0is a Member of the European Parliament and Chair of the Industry, Research and Energy Committee. He is also Member of the Delegation\u00a0for Southeast Asia, as well as substitute Member of the Environment, Public Health and Food Safety (ENVI), Committee on Economic and Monetary Affairs (ECON) and the Delegation for the Arab Peninsula.<\/p>\n<p>Mr. Busoi\u00a0graduated Medicine from Carol Davila University in Bucharest, Law from Titu Maiorescu University in Bucharest, and Diplomacy from the Romanian Diplomatic Institute in Bucharest. His political career started in 1996 when, as a student, he became member of the National Liberal Party. Eight years later, he entered the Romanian Parliament and, in 2013, became President of the Romanian National Health Insurance House. Since 2007, he has been elected to the European Parliament for three consecutive terms.<\/p>\n<hr \/>\n<p><strong><img loading=\"lazy\" decoding=\"async\" class=\"size-medium wp-image-2125 alignleft\" src=\"https:\/\/www.unilion.eu\/wp-content\/uploads\/2020\/10\/JPBourguignon-2020-Credit-WEF-300x287.jpg\" alt=\"\" width=\"300\" height=\"287\" srcset=\"https:\/\/www.unilion.eu\/wp-content\/uploads\/2020\/10\/JPBourguignon-2020-Credit-WEF-300x287.jpg 300w, https:\/\/www.unilion.eu\/wp-content\/uploads\/2020\/10\/JPBourguignon-2020-Credit-WEF-768x735.jpg 768w, https:\/\/www.unilion.eu\/wp-content\/uploads\/2020\/10\/JPBourguignon-2020-Credit-WEF-282x270.jpg 282w, https:\/\/www.unilion.eu\/wp-content\/uploads\/2020\/10\/JPBourguignon-2020-Credit-WEF.jpg 893w\" sizes=\"auto, (max-width: 300px) 100vw, 300px\" \/>Jean-Pierre Bourguignon<\/strong><\/p>\n<p><em>President ad interim, European Research Council<\/em><\/p>\n<p>President, European Research Council (ERC) (2014-2019), ad interim since July 2020.<\/p>\n<p>Degrees: engineer, \u00c9cole Polytechnique (1966), PhD in Mathematical Sciences (Global Differential Geometry), Universit\u00e9 Paris VII (1974). Positions: Research Fellow, CNRS (1969-2013), now Directeur de recherche emeritus; Professor, \u00c9cole polytechnique (1986-2012); Director, IH\u00c9S, Bures-sur-Yvette (1994-2013), now Honorary Professor. President, Soci\u00e9t\u00e9 Math\u00e9matique de France (1990-1991), European Mathematical Society (1995-1998). Paul Langevin Prize (1987), Prix du Rayonnement Fran\u00e7ais, sciences math\u00e9matiques, Acad\u00e9mie des Sciences, Paris (1997). Doctor honoris causa: Keio University, Nankai University, The University of Edinburgh.<\/p>\n<hr \/>\n<p><strong><img loading=\"lazy\" decoding=\"async\" class=\"size-medium wp-image-2127 alignleft\" src=\"https:\/\/www.unilion.eu\/wp-content\/uploads\/2020\/10\/Anna-Panagopoulou-226x300.jpg\" alt=\"\" width=\"226\" height=\"300\" srcset=\"https:\/\/www.unilion.eu\/wp-content\/uploads\/2020\/10\/Anna-Panagopoulou-226x300.jpg 226w, https:\/\/www.unilion.eu\/wp-content\/uploads\/2020\/10\/Anna-Panagopoulou-203x270.jpg 203w, https:\/\/www.unilion.eu\/wp-content\/uploads\/2020\/10\/Anna-Panagopoulou.jpg 306w\" sizes=\"auto, (max-width: 226px) 100vw, 226px\" \/>Anna Panagopoulou<\/strong><\/p>\n<p><em>Director, Common Support Centre, DG Research and Innovation, European Commission<\/em><\/p>\n<p>Since July 2016, Ms Anna Panagopoulou has been Director of &#8216;Common Implementation Centre&#8217; at European Commission&#8217;s Directorate General for Research and Innovation. The directorate is responsible for the implementation strategy for R&amp;I programmes in the European Union and covers among others the service for Horizon 2020 information and data. Ms Panagopoulou is also acting Director of Directorate for &#8216;Research and Innovation Outreach&#8217; in charge of research and innovation policy. Since 2014, she was Head of Department for Programme Support and Resources at Innovation and Networks Executive Agency (INEA). Ms Panagopoulou started her career in the European Commission in 1997 being responsible for files in the area of EU research and innovation, transport and energy policy. Previously she worked six years in the private sector. She holds a degree in electrical engineering.<\/p>\n<hr \/>\n<p><strong><img loading=\"lazy\" decoding=\"async\" class=\"size-medium wp-image-2137 alignleft\" src=\"https:\/\/www.unilion.eu\/wp-content\/uploads\/2020\/11\/igor-papic-300x200.jpg\" alt=\"\" width=\"300\" height=\"200\" srcset=\"https:\/\/www.unilion.eu\/wp-content\/uploads\/2020\/11\/igor-papic-300x200.jpg 300w, https:\/\/www.unilion.eu\/wp-content\/uploads\/2020\/11\/igor-papic-1024x683.jpg 1024w, https:\/\/www.unilion.eu\/wp-content\/uploads\/2020\/11\/igor-papic-768x512.jpg 768w, https:\/\/www.unilion.eu\/wp-content\/uploads\/2020\/11\/igor-papic-1536x1024.jpg 1536w, https:\/\/www.unilion.eu\/wp-content\/uploads\/2020\/11\/igor-papic-2048x1365.jpg 2048w, https:\/\/www.unilion.eu\/wp-content\/uploads\/2020\/11\/igor-papic-405x270.jpg 405w, https:\/\/www.unilion.eu\/wp-content\/uploads\/2020\/11\/igor-papic-272x182.jpg 272w\" sizes=\"auto, (max-width: 300px) 100vw, 300px\" \/>Igor Papi\u010d<\/strong><\/p>\n<p><em>Rector, University of Ljubljana<\/em><\/p>\n<p>Prof. Dr. Igor Papi\u010d is a professor at the Faculty of Electrical Engineering at the University of Ljubljana. He is the Head of the Laboratory of Electricity Networks and Devices, and he was the Vice-Dean for Education from 2011 to 2013 and the Dean of the Faculty from 2013 to 2017.<\/p>\n<p><img loading=\"lazy\" decoding=\"async\" class=\"size-full wp-image-2139 alignleft\" src=\"https:\/\/www.unilion.eu\/wp-content\/uploads\/2020\/11\/univerza-v-ljubljani.gif\" alt=\"\" width=\"240\" height=\"239\" \/>He received his bachelor\u2019s degree in 1992, his master\u2019s degree in 1995 and his doctorate in 1998 from the Faculty of Electrical Engineering at the University of Ljubljana. From 1994 to 1996, he trained at Siemens\u2019 Power Transmission and Distribution department in Erlangen, Germany. In 2001, he taught as a guest professor at the University of Manitoba in Winnipeg, Canada. His research includes active compensators, FACTS (Flexible AC Transmission System) devices, power quality and smart grid concepts.<\/p>\n<p>Prof. Dr. Igor Papi\u010d has also led numerous domestic and international research and development projects. In 2009, he and his partners established Reinhausen 2e, d.o.o., a spin-off company of the University of Ljubljana. The company\u2019s two main activities include engineering and the development of passive, hybrid and active compensators. He has been invited to hold lectures at the University of Manitoba, the University of Manchester, SmartGrids Austria, TNB Research Kuala Lumpur, the University of Alberta, Sichuan University, and elsewhere around the world.<\/p>\n<p>His activity extends beyond the academic sphere as well, having served as Chairman of the Slovenian Smart Grids Technology Platform from 2006 to 2017. Prof. Dr. Igor Papi\u010d is also the Vice-Chair of the Slovenian CIGR\u00c9-CIRED Association, the editor of the international publication IEEE Transactions on Power Delivery, the convenor of the international working group Cigre Joint Working Group C4.42\/CIRED Continuous Assessment of Low-order Harmonic Emissions from Customer Installations and the Vice-Chair of the international working group IEEE Harmonics Modelling and Simulation Task Force.<\/p>\n<hr \/>\n<p><strong><img loading=\"lazy\" decoding=\"async\" class=\"size-full wp-image-2113 alignleft\" src=\"https:\/\/www.unilion.eu\/wp-content\/uploads\/2020\/10\/giovanna-chimini.jpg\" alt=\"\" width=\"300\" height=\"250\" \/>Giovanna Chimini<\/strong><\/p>\n<p><em>Vice Rector, Aix-Marseille University<\/em><\/p>\n<div class=\"page\" title=\"Page 1\">\n<div class=\"layoutArea\">\n<div class=\"column\">\n<p>Of Italian origins, Giovanna Chimini graduated in Medicine in 1981, and embraced scientific research in Academia in France, where she entered the National Center for Research (CNRS) as tenure scientist at Center of Immunology of Marseille Luminy (CIML) in 1989. Always interested in cell biology and membrane dynamics applied to Immunological questions she pioneered the discovery and functional characterization of the family of ATP Binding Cassette transporters in mammals.<\/p>\n<p><img loading=\"lazy\" decoding=\"async\" class=\"size-medium wp-image-1196 alignleft\" src=\"https:\/\/www.unilion.eu\/wp-content\/uploads\/2018\/11\/logo_amu_rvb-300x103.jpg\" alt=\"\" width=\"300\" height=\"103\" srcset=\"https:\/\/www.unilion.eu\/wp-content\/uploads\/2018\/11\/logo_amu_rvb-300x103.jpg 300w, https:\/\/www.unilion.eu\/wp-content\/uploads\/2018\/11\/logo_amu_rvb-768x264.jpg 768w, https:\/\/www.unilion.eu\/wp-content\/uploads\/2018\/11\/logo_amu_rvb-1024x352.jpg 1024w, https:\/\/www.unilion.eu\/wp-content\/uploads\/2018\/11\/logo_amu_rvb-604x207.jpg 604w\" sizes=\"auto, (max-width: 300px) 100vw, 300px\" \/>At CIML she led a research team for almost 20 years and dedicated her studies to ABCA1, the membrane transporters in charge of controlling cholesterol efflux from peripheral cells and thus exerting a crucial role in the development of several conditions at the crossroads of metabolism and immunology, e.g. atherosclerosis. She drew attention in the late 90\u2019s to the complex interaction between circuits controlling cholesterol metabolism and macrophage functions and published along her career more than 100 original papers on the subject.<\/p>\n<p>The interest to broaden her scientific horizon led Giovanna to the directorship of an internationally renowned and interdisciplinary CNRS center for the dissemination of sciences among expert peers; she held this position from 2008 to 2018.<\/p>\n<p>These experiences and the comprehensive scientific vision contributed to the fulfilling of her position as Vice Dean for Research and International Relations at the Faculty of Sciences at Aix Marseille University from 2016 to 2020. Here she exerted her services to improve the attractiveness of sciences and in particular of research for the students.<\/p>\n<p>In January 2020, she has been appointed Vice Rector for international Affairs at Aix Marseille University. She is hence a major actor in the deployment of the university\u2019s international policy and outreach practice.<\/p>\n<\/div>\n<\/div>\n<\/div>\n","protected":false},"excerpt":{"rendered":"<p>Alexandru Vasile Marchis Secretary General, UnILiON Milan Zver MEP, Member of the Committee on\u00a0Culture and Education,\u00a0European Parliament Born in 1962. Ljubljana. Graduated from the political science department of the Faculty<span class=\"more-dots\">&#8230;<\/span><\/p>\n","protected":false},"author":12,"featured_media":0,"parent":0,"menu_order":0,"comment_status":"closed","ping_status":"closed","template":"","meta":{"_acf_changed":false,"footnotes":""},"class_list":["post-2106","page","type-page","status-publish","hentry","no-post-thumbnail"],"acf":[],"_links":{"self":[{"href":"https:\/\/www.unilion.eu\/index.php?rest_route=\/wp\/v2\/pages\/2106","targetHints":{"allow":["GET"]}}],"collection":[{"href":"https:\/\/www.unilion.eu\/index.php?rest_route=\/wp\/v2\/pages"}],"about":[{"href":"https:\/\/www.unilion.eu\/index.php?rest_route=\/wp\/v2\/types\/page"}],"author":[{"embeddable":true,"href":"https:\/\/www.unilion.eu\/index.php?rest_route=\/wp\/v2\/users\/12"}],"replies":[{"embeddable":true,"href":"https:\/\/www.unilion.eu\/index.php?rest_route=%2Fwp%2Fv2%2Fcomments&post=2106"}],"version-history":[{"count":21,"href":"https:\/\/www.unilion.eu\/index.php?rest_route=\/wp\/v2\/pages\/2106\/revisions"}],"predecessor-version":[{"id":2160,"href":"https:\/\/www.unilion.eu\/index.php?rest_route=\/wp\/v2\/pages\/2106\/revisions\/2160"}],"wp:attachment":[{"href":"https:\/\/www.unilion.eu\/index.php?rest_route=%2Fwp%2Fv2%2Fmedia&parent=2106"}],"curies":[{"name":"wp","href":"https:\/\/api.w.org\/{rel}","templated":true}]}}